 is the thousands digit of 42099094?
9
What is the thousands digit of 284995072?
5
What is the units digit of 986929745?
5
What is the tens digit of 2709162031?
3
What is the ten millions digit of 85258287?
8
What is the tens digit of 88389023?
2
What is the tens digit of 11467522?
2
What is the units digit of 548069613?
3
What is the thousands digit of 4602272?
2
What is the millions digit of 45879689?
5
What is the ten thousands digit of 351553028?
5
What is the millions digit of 54458866?
4
What is the hundred thousands digit of 5959135490?
1
What is the tens digit of 761429326?
2
What is the billions digit of 4168394333?
4
What is the thousands digit of 460719768?
9
What is the ten thousands digit of 339724536?
2
What is the ten millions digit of 2628197504?
2
What is the hundreds digit of 65336635?
6
What is the millions digit of 2225878425?
5
What is the units digit of 33638948?
8
What is the units digit of 42172648?
8
What is the ten millions digit of 823582205?
2
What is the hundred millions digit of 1239960871?
2
What is the hundred thousands digit of 26304990?
3
What is the tens digit of 5196682556?
5
What is the hundred millions digit of 7857793299?
8
What is the hundred thousands digit of 2348153421?
1
What is the hundreds digit of 127533076?
0
What is the hundred millions digit of 826079733?
8
What is the ten millions digit of 877163181?
7
What is the ten millions digit of 1084133045?
8
What is the tens digit of 400490336?
3
What is the tens digit of 36491202?
0
What is the millions digit of 47650470?
7
What is the ten millions digit of 130278475?
3
What is the ten millions digit of 80160069?
8
What is the ten thousands digit of 2985308080?
0
What is the hundreds digit of 589258691?
6
What is the ten millions digit of 48385381?
4
What is the ten thousands digit of 958080447?
8
What is the ten thousands digit of 210552058?
5
What is the hundreds digit of 60769762?
7
What is the hundred millions digit of 139087050?
1
What is the thousands digit of 62961055?
1
What is the millions digit of 553158627?
3
What is the millions digit of 4240398?
4
What is the tens digit of 2364487?
8
What is the hundreds digit of 141082310?
3
What is the hundred thousands digit of 32151120?
1
What is the thousands digit of 1983103389?
3
What is the tens digit of 1012491896?
9
What is the hundred thousands digit of 828804822?
8
What is the tens digit of 34468181?
8
What is the units digit of 148451?
1
What is the tens digit of 751881592?
9
What is the ten thousands digit of 341456052?
5
What is the ten thousands digit of 1654430501?
3
What is the hundred millions digit of 814948817?
8
What is the ten thousands digit of 2294621869?
2
What is the millions digit of 202415829?
2
What is the ten thousands digit of 55929650?
2
What is the thousands digit of 97990036?
0
What is the hundred thousands digit of 64876375?
8
What is the thousands digit of 44493877?
3
What is the ten thousands digit of 509394390?
9
What is the units digit of 379312340?
0
What is the hundred thousands digit of 97485834?
4
What is the units digit of 77531095?
5
What is the ten millions digit of 432736354?
3
What is the billions digit of 3514062586?
3
What is the hundreds digit of 1203229187?
1
What is the tens digit of 49258154?
5
What is the billions digit of 1964458918?
1
What is the millions digit of 44700220?
4
What is the hundreds digit of 4422970?
9
What is the hundred millions digit of 376576045?
3
What is the hundreds digit of 62112864?
8
What is the units digit of 889071885?
5
What is the tens digit of 130854518?
1
What is the hundred millions digit of 339214090?
3
What is the hundred thousands digit of 8655178?
6
What is the millions digit of 13726045?
3
What is the ten thousands digit of 52443411?
4
What is the millions digit of 2461302571?
1
What is the ten thousands digit of 67753046?
5
What is the tens digit of 3322729692?
9
What is the tens digit of 89210924?
2
What is the hundred millions digit of 189963786?
1
What is the hundreds digit of 392321238?
2
What is the ten thousands digit of 4775435516?
3
What is the ten thousands digit of 43570495?
7
What is the thousands digit of 168737892?
7
What is the ten millions digit of 1364963570?
6
What is the units digit of 63928041?
1
What is the ten millions digit of 647571870?
4
What is the ten thousands digit of 151973046?
7
What is the ten thousands digit of 126601790?
0
What is the hundred millions digit of 181514901?
1
What is the tens digit of 25026789?
8
What is the millions digit of 33742504?
3
What is the units digit of 54559382?
2
What is the millions digit of 25402532?
5
What is the thousands digit of 53141149?
1
What is the hundred thousands digit of 115950387?
9
What is the ten thousands digit of 2531964840?
6
What is the ten thousands digit of 21037859?
3
What is the hundred thousands digit of 2205120744?
1
What is the hundreds digit of 479214721?
7
What is the ten thousands digit of 820265670?
6
What is the units digit of 72410924?
4
What is the ten millions digit of 85413869?
8
What is the hundreds digit of 7483896004?
0
What is the hundred thousands digit of 1908146996?
1
What is the tens digit of 699752784?
8
What is the thousands digit of 31397138?
7
What is the tens digit of 347483375?
7
What is the billions digit of 2199409858?
2
What is the ten thousands digit of 304783455?
8
What is the ten thousands digit of 145541219?
4
What is the ten millions digit of 3707195642?
0
What is the ten thousands digit of 273092928?
9
What is the hundreds digit of 498377530?
5
What is the ten thousands digit of 3010163514?
6
What is the units digit of 146151435?
5
What is the millions digit of 2755266745?
5
What is the hundred thousands digit of 4073525699?
5
What is the ten millions digit of 167491608?
6
What is the millions digit of 97127719?
7
What is the thousands digit of 67961038?
1
What is the hundreds digit of 411029080?
0
What is the ten thousands digit of 156677225?
7
What is the millions digit of 79183143?
9
What is the millions digit of 19430177?
9
What is the thousands digit of 3944987611?
7
What is the hundreds digit of 684280954?
9
What is the ten thousands digit of 58096815?
9
What is the ten thousands digit of 1039332816?
3
What is the ten thousands digit of 1814462905?
6
What is the tens digit of 1797534613?
1
What is the units digit of 492221944?
4
What is the millions digit of 654528580?
4
What is the ten thousands digit of 62353587?
5
What is the ten millions digit of 1876599880?
7
What is the thousands digit of 19631501?
1
What is the hundred thousands digit of 10200621?
2
What is the tens digit of 229659112?
1
What is the ten millions digit of 1189452612?
8
What is the thousands digit of 9064638?
4
What is the tens digit of 435667784?
8
What is the thousands digit of 1845623665?
3
What is the ten thousands digit of 40623260?
2
What is the hundred thousands digit of 3381328354?
3
What is the tens digit of 18026055?
5
What is the hundreds digit of 1521937943?
9
What is the millions digit of 63286514?
3
What is the thousands digit of 405379047?
9
What is the hundreds digit of 101476918?
9
What is the hundred thousands digit of 85849701?
8
What is the hundreds digit of 1746627080?
0
What is the hundreds digit of 492215042?
0
What is the hundred millions digit of 2238489012?
2
What is the hundreds digit of 2313814981?
9
What is the ten millions digit of 27158185?
2
What is the hundred thousands digit of 72900691?
9
What is the ten millions digit of 1969831574?
6
What is the ten thousands digit of 540706821?
0
What is the millions digit of 137413903?
7
What is the thousands digit of 6213763481?
3
What is the hundred millions digit of 102085708?
1
What is the hundred thousands digit of 208610448?
6
What is the millions digit of 1808152038?
8
What is the thousands digit of 1451499833?
9
What is the ten millions digit of 313895049?
1
What is the billions digit of 2649537685?
2
What is the hundreds digit of 306621963?
9
What is the millions digit of 3435567148?
5
What is the hundred thousands digit of 135250319?
2
What is the ten millions digit of 43556963?
4
What is the tens digit of 99187044?
4
What is the ten millions digit of 1965133161?
6
What is the ten thousands digit of 58722367?
2
What is the ten mil